ive f(t).
0
Suppose 20 = -f - 5*b + b, 20 = 5*f - 4*b. Let s(v) = -2*v**2 + v + 2. Let d(y) = 3*y**2 - y - 1. Let g(l) = 3*d(l) + 4*s(l). Calculate g(f).
5
Let n(d) = -11*d**2 + 2*d - 1. Suppose -3 = -5*x + 2*x. What is n(x)?
-10
Suppose -4*z + 10 - 2 = 0. Let j(m) = -3 + 711*m + 6 - 713*m. Determine j(z).
-1
Let u(a) be the first derivative of 2/3*a**3 + a + a**2 + 3/2*a**4 - 2. Calculate u(-1).
-5
Suppose -j - 2 + 4 = 0. Let c(y) = 4*y - 3 + y**3 - 4*y**2 + 2*y - y**j. Let l be (0 - 12/9)*-3. Determine c(l).
5
Let d = 14 + -12. Let m(w) = d*w**3 - 2*w + 21*w**2 - w**3 - 5*w**2 - 3 - 12*w**2. Give m(-4).
5
Let l(g) = g**2 + 10*g + 4. Let i(z) = 2*z**2 + 19*z + 8. Let u(h) = 3*i(h) - 5*l(h). Give u(-6).
-2
Let f(d) = d**3 - d**2 - 3*d - 3. Suppose 0 = 7*n - 2*n. Let w = -2 - n. Determine f(w).
-9
Let j(i) = i**2 + 9*i**2 + 1 - 9*i + 9*i. Give j(1).
11
Let n(v) = 17*v - 1 - 27*v + v**3 + 8*v. Determine n(-1).
0
Let r(u) = 10*u + 2. Let x(s) = -7*s - 1. Let y(k) = -5*r(k) - 7*x(k). Determine y(-4).
1
Let t(r) = 4*r + 2. Let l(n) = 3*n - 4. Let u be l(2). Calculate t(u).
10
Suppose -2*r - 2*c + 12 = 0, -2*r + 4*c = r + 17. Let g(v) = -2 - 5*v + 3 + v. What is g(r)?
-3
Suppose 3*y + 0*y + 6 = 3*o, 4*o = -3*y + 8. Suppose o*k - x = 3*x + 8, 3*k - 5 = -x. Let v(b) = b + k*b - 2*b + 1. What is v(-1)?
0
Let c(y) be the first derivative of y**3/3 - 2*y**2 - 3*y + 19. What is c(5)?
2
Let i(w) = w**3 + w**2. Let x be i(1). Let p(u) = 2*u - x*u - u + 0 - 1. Give p(-6).
5
Let q(i) = i**2 + i + 1. Let j(l) = -l**3 - 7*l**2 + 9*l + 8. Let w be j(-8). Suppose -5*o = -w*o. Give q(o).
1
Let o(v) = -v - 65*v**2 - 2 - 2 + 66*v**2 - 7*v. Determine o(8).
-4
Suppose -5*j = -1 - 24. Let f be 2/(-5) + 27/j. Let i(q) = q - 10. Determine i(f).
-5
Let a = 20 - 12. Suppose 0 = 5*d - s - a - 20, -5*s - 10 = d. Let q(k) = 6*k - 5 - d*k - 2*k. Give q(-5).
0
Suppose 0*g + 40 = -5*g - r, 0 = 2*g - 3*r + 16. Let x(n) = n**2 - 27 + 5*n + 34 + 4*n. Let c be x(g). Let h(o) = 3*o**3 - 2*o**2 - o. Give h(c).
-4
Let x(k) be the second derivative of -k**6/720 + k**5/120 - k**4/4 + 3*k. Let n(v) be the third derivative of x(v). Give n(2).
-1
Let s(k) = k**2 + k - 1. Let a(m) = 4*m**2 + 6*m - 4. Let p(y) = a(y) - 5*s(y). Determine p(4).
-11
Let x(z) = z**3 + 6*z**2 + 3*z - 4. Suppose 4*q - 22 = -3*c + 6, -3*c - 42 = -3*q. Let a = q - -11. Suppose 3*i = -4*b - 29, -7 = -b - 3*i - a. Give x(b).
6
Let t(u) be the first derivative of -u**3/3 + 9*u**2/2 - 3*u - 32. Give t(9).
-3
Let x(h) = h**2 + 3*h - 2. Let s(o) = -2*o**2 - 7*o + 3. Let w(c) = 3*s(c) + 5*x(c). What is w(-5)?
4
Suppose -2*o = o - 6. Let v(x) = -3 - x + x**o - 4*x + 4 - 4. Determine v(4).
-7
Let a(q) be the third derivative of -5*q**4/24 - q**3/6 - 20*q**2. Give a(-1).
4
Suppose 4*j - 18 = -3*s, j - 2*s = 6*j - 19. Suppose 11 = -2*f + j. Let w(p) = -4 + 3 - 2*p + 3*p. What is w(f)?
-5
Let a(l) = 3*l + 8. Let o(p) = 7*p + 17. Let v(b) = -9*a(b) + 4*o(b). Give v(4).
0
Let l(w) = 7*w - 6. Let j(o) = 6*o - 5. Let u(s) = 5*j(s) - 4*l(s). Give u(-1).
-3
Suppose 13 = 2*r + 43. Let o be (-6)/(-4)*50/r. Let h(k) = -k**2 - 5*k + 5. Calculate h(o).
5
Let d be 1 + 2/2 + -1. Let g(r) be the second derivative of 7*r**4/24 + r**3/6 - 3*r**2 - 3*r. Let v(x) be the first derivative of g(x). Calculate v(d).
8
Let s(y) be the first derivative of y**3/3 - 3*y**2/2 + y + 3. Suppose -f - 2 = -7. Let z = f - 1. Calculate s(z).
5
Let g(k) = -5*k**2 + 9*k + 2. Let q(c) = -4*c**2 + 8*c + 1. Let l(p) = 3*g(p) - 4*q(p). Suppose -2*o + 4*a + 25 = -3, 0 = -2*o - a + 3. Give l(o).
-2
Let n = 15 - 10. Let t(o) = -3*o + n*o**2 - o**3 - 1 - 6 + o**2. Let r(v) = -v + 5. Let m be r(0). Calculate t(m).
3
Let p(k) = -k**2 + 4. Let v be p(-3). Let n(a) = -a + 1. Calculate n(v).
6
Let m = 17 - 11. Let r(g) = -13*g - 3 - 18*g - 14*g + 44*g. Give r(m).
-9
Let y(v) = -v**2 - v - 2. Let p be (-3 + 0)/(15/20). Let k = p + 4. What is y(k)?
-2
Let b(h) = -47*h**2 + 1 + 42*h**2 - 3*h + 5*h. Give b(-1).
-6
Let s(b) = -14*b - 2. Let a(u) = 7*u + 1. Let z(g) = -5*a(g) - 2*s(g). Let r(h) = 3 - 3 + 2 + 14*h. Let o(i) = -4*r(i) - 7*z(i). What is o(1)?
-8
Suppose -3*u - 14 = -38. Let z be 39/(-5) + u/10. Let i(s) = -s**2 - 7*s. Give i(z).
0
Let d(v) = -v + 0 + 0*v + 0. What is d(-1)?
1
Let b = -8 + 8. Let j(d) be the first derivative of -3 + b*d - 7/2*d**2. What is j(1)?
-7
Let v(u) be the first derivative of u**6/120 + 3*u**2/2 - 3. Let d(h) be the second derivative of v(h). Give d(-1).
-1
Let r be 1/8 + 3/(-24). Let z be -3 + 0 + r/5. Let b(u) be the second derivative of u**4/12 + u**3 + 2*u**2 + u. Calculate b(z).
-5
Let w(q) = q**3 - 3*q**2 + 4*q - 2. Let o be w(3). Let z = o - 16. Let l be 12/(-10)*15/z. Let j(y) = 3*y + 1. Give j(l).
10
Let h = 0 + 1. Suppose -3*v - a + 19 = -2*a, -5*v + 5*a + 35 = 0. Let r(d) = 4*d**3 - v*d**2 + 6*d**2 + 1. Calculate r(h).
5
Let r(j) = j**2 - j - 3. Let q be 2 + (1 - 2)/(-1). Suppose 0 = 2*f + q*f - p - 49, -3*p - 17 = -2*f. Suppose -f - 16 = 2*m - 4*z, -5*z = 4*m - 13. Give r(m).
9
Let v(c) be the second derivative of 0*c**2 + 1/6*c**3 - c + 0. Determine v(5).
5
Let i(l) = -5*l. Let k(r) = -9*r - 1. Let t(s) = 5*i(s) - 3*k(s). Give t(-3).
-3
Let b(m) = -2*m + 3 - 3. Let k be b(-1). Suppose 0 = 5*h - 8 - k. Let g(f) = -f**3 + 2*f**2 - f - 1. What is g(h)?
-3
Let a(y) be the second derivative of y**4/12 + y**3/6 - 3*y**2/2 + 2*y. Let p be 90/20*2/(-3). What is a(p)?
3
Let p(o) be the third derivative of -o**8/20160 - o**7/1260 - o**6/120 - o**5/30 - 5*o**2. Let y(s) be the third derivative of p(s). What is y(-4)?
-6
Let x(w) = w**2 + 6*w + 6. Suppose 0 = -19*g + 24*g + 25. What is x(g)?
1
Let c = -2 + 4. Let i be 15/c*(-2)/(-3). Let a(w) = -3*w - i + 2*w + 2*w. Give a(0).
-5
Suppose -3*l - 2*l - 4 = -t, -2*t = -2*l. Let g(c) = -19*c**2 - 1. What is g(l)?
-20
Let f(n) = 4*n**2 - 7 + 4*n + 3 - 3*n**2. Let o = -169 - -163. Determine f(o).
8
Let o be (5 - 3) + 1 + 1. Suppose -3*h - 8 - 7 = -3*d, 3*d = -o*h - 13. Let r(y) = -3*y + 3*y + 4 + y. Determine r(h).
0
Suppose 2*u - 2 = 6. Let c be ((-2)/u)/((-1)/12). Let r(w) = w - 7. Calculate r(c).
-1
Let v = -7 + 11. Suppose -3*m - 2*m = 4*y + 41, y = v*m + 16. Let g(i) = i - 15. Let c(j) = 5. Let s(x) = -7*c(x) - 2*g(x). Calculate s(y).
3
Suppose 0 = -4*q - 4*u - 0*u + 4, -3*q - 5*u = -5. Suppose m - 3*m = q. Let l(d) = -d + 2. Calculate l(m).
2
Let q be 1*-4 + 16 + (2 - 4). Let x(i) = i**2 - 3*i - 7. Let d be x(5). Let n(j) = -5*j + q + j**d - 4*j**2 - j - 3. Calculate n(5).
2
Let m(j) be the second derivative of j**5/20 + j**4/6 - 5*j**3/6 - 2*j**2 - j. Suppose -3*u + a - 28 = 0, 0 = -5*u - 2*a - 0*a - 32. Let k = -11 - u. Give m(k).
2
Let w(m) be the first derivative of 1 - m - 3/2*m**2. Calculate w(2).
-7
Suppose 8 = 3*t + t. Let j(b) = t + 1 + 2 - b - 1. Calculate j(5).
-1
Let a(t) = 3*t - 1. Let u(d) = d. Let x(p) = 3*a(p) - 5*u(p). Determine x(3).
9
Let k(p) be the second derivative of 7/6*p**3 - 7/12*p**4 + 0 + 1/20*p**5 + 3/2*p**2 - 4*p. Determine k(6).
9
Let k(x) = 9 - x - 7 + 9. What is k(10)?
1
Let g(f) = -f + 2 - f + 2 - 2. Give g(7).
-12
Let a(q) = q + 8. Let c = -8 + 4. Let t be a(c). Let j(z) = -t - z**2 + z - 2*z + 3 + 2*z. What is j(2)?
-3
Let g(l) = -2 + 0 - 3 + 0 + l**2 + 4*l. Suppose 4*f + 2*a = -a - 20, -4*a = -2*f - 10. Calculate g(f).
0
Let w(g) = g**2 + 6*g + 1. Let l be (4/(-12))/(1/(-9)). Suppose 4*u = -5*i - l, -u + 0*u + 4*i - 6 = 0. Let r be (-3)/u + 11/(-2). Determine w(r).
-7
Let z(f) = -f**3 + 12*f**2 - 9*f - 24. Let y be z(11). Let r(l) = 3*l. Determine r(y).
-6
Let k(j) be the first derivative of 5 + 3*j + 1/2*j**2. What is k(3)?
6
Let a(h) = h - 3. Let x = 2 + -2. Suppose x = 3*g - 5*s - 25, -4*s = -2*s + 10. Calculate a(g).
-3
Let b(h) = -2*h. Let d(m) = -m - 1. Let l(s) = 2*b(s) - 5*d(s). What is l(-2)?
3
Suppose 2*s = -3*s + 10. Let k(r) = -r**2 + 7 + 2*r - 5*r**s + 5*r**2. Determine k(5).
-8
Let d = -5 + 8. Let b(q) = 19*q - 1 - 18*q - q**2 + 0*q. Give b(d).
-7
Let f(v) = -3*v**2 + 5*v - 2. Let m(b) = 8*b**2 - 14*b + 6. Let d(k) = -14*f(k) - 5*m(k). Calculate d(2).
6
Let l(s) be the first derivative of 2*s**2 + s - 43. Calculate l(3).
13
Let r(f) = 14*f - 3 - 8*f - 4*f. Determine r(-4).
-11
Let s(z) be the second derivative of -z**5/60 + z**4/12 + 2*z**